{"version":"1.0","provider_name":"Vocal in Need","provider_url":"https:\/\/vocal.erasmus.site\/at","title":"4. Interkulturelle Sensibilisierung - Vocal in Need","type":"rich","width":600,"height":338,"html":"<blockquote class=\"wp-embedded-content\" data-secret=\"LyGsrHNJEN\"><a href=\"https:\/\/vocal.erasmus.site\/at\/modules\/module-5\/4-intercultural-awareness\/\">4. Interkulturelle Sensibilisierung<\/a><\/blockquote><iframe sandbox=\"allow-scripts\" security=\"restricted\" src=\"https:\/\/vocal.erasmus.site\/at\/modules\/module-5\/4-intercultural-awareness\/embed\/#?secret=LyGsrHNJEN\" width=\"600\" height=\"338\" title=\"&#8220;4. Interkulturelle Sensibilisierung&#8221; &#8212; Vocal in Need\" data-secret=\"LyGsrHNJEN\" frameborder=\"0\" marginwidth=\"0\" marginheight=\"0\" scrolling=\"no\" class=\"wp-embedded-content\"><\/iframe><script type=\"text\/javascript\">\n\/* <![CDATA[ *\/\n\/*! This file is auto-generated *\/\n!function(d,l){\"use strict\";l.querySelector&&d.addEventListener&&\"undefined\"!=typeof URL&&(d.wp=d.wp||{},d.wp.receiveEmbedMessage||(d.wp.receiveEmbedMessage=function(e){var t=e.data;if((t||t.secret||t.message||t.value)&&!\/[^a-zA-Z0-9]\/.test(t.secret)){for(var s,r,n,a=l.querySelectorAll('iframe[data-secret=\"'+t.secret+'\"]'),o=l.querySelectorAll('blockquote[data-secret=\"'+t.secret+'\"]'),c=new RegExp(\"^https?:$\",\"i\"),i=0;i<o.length;i++)o[i].style.display=\"none\";for(i=0;i<a.length;i++)s=a[i],e.source===s.contentWindow&&(s.removeAttribute(\"style\"),\"height\"===t.message?(1e3<(r=parseInt(t.value,10))?r=1e3:~~r<200&&(r=200),s.height=r):\"link\"===t.message&&(r=new URL(s.getAttribute(\"src\")),n=new URL(t.value),c.test(n.protocol))&&n.host===r.host&&l.activeElement===s&&(d.top.location.href=t.value))}},d.addEventListener(\"message\",d.wp.receiveEmbedMessage,!1),l.addEventListener(\"DOMContentLoaded\",function(){for(var e,t,s=l.querySelectorAll(\"iframe.wp-embedded-content\"),r=0;r<s.length;r++)(t=(e=s[r]).getAttribute(\"data-secret\"))||(t=Math.random().toString(36).substring(2,12),e.src+=\"#?secret=\"+t,e.setAttribute(\"data-secret\",t)),e.contentWindow.postMessage({message:\"ready\",secret:t},\"*\")},!1)))}(window,document);\n\/\/# sourceURL=https:\/\/vocal.erasmus.site\/wp-includes\/js\/wp-embed.min.js\n\/* ]]> *\/\n<\/script>\n","description":"Interkulturelle Informationen zur Fallstudie \u201cDas Fahrrad\u201d In muslimisch gepr\u00e4gten Gesellschaften hat ein Mann zumeist einen h\u00f6heren Rang als eine Frau. Das erkl\u00e4rt sich daraus, dass der Koran (Sure 4, 34) dem Mann mehr St\u00e4rke zuschreibt sowie die F\u00e4higkeit, Frauen wirtschaftlich versorgen zu k\u00f6nnen. Daraus ergibt sich die Konsequenz, dass die \u00dcberlegenheit des Mannes von g\u00f6ttlicher [&hellip;]"}

Interkulturelle Informationen zur Fallstudie “Das Fahrrad” In muslimisch geprägten Gesellschaften hat ein Mann zumeist einen höheren Rang als eine Frau. Das erklärt sich daraus, dass der Koran (Sure 4, 34) dem Mann mehr Stärke zuschreibt sowie die Fähigkeit, Frauen wirtschaftlich versorgen zu können. Daraus ergibt sich die Konsequenz, dass die Überlegenheit des Mannes von göttlicher [&hellip;]
